*2 - 16*j**3 - 9 + q*j**3. Give p(-7).
-9
Let c be (3/(-5) - 429/260)*4. Let n(s) = s**3 + 9*s**2 + 2. Calculate n(c).
2
Let v(s) = -12*s**2 + 18*s - 2. Let b(a) = -10*a**2 + 16*a - 2. Let u(o) = -5*b(o) + 4*v(o). What is u(5)?
12
Let f = -392 - -398. Let t(i) = i**3 - 5*i**2 - 7*i + 7. Calculate t(f).
1
Let v = -21 + 28. Let r(l) = -9*l**2 - l - 5. Let a(s) = 0 - 3*s**2 - 2 - 2*s**2. Let k(m) = -11*a(m) + 6*r(m). Determine k(v).
-1
Let n(o) be the first derivative of -o**4/4 - 4*o**3/3 - 2*o**2 - 6*o + 85. What is n(-4)?
10
Suppose -5*u = -u - 2*w - 18, 0 = -3*w - 9. Let y(m) = 3*m**2 + m - 1. Give y(u).
29
Let x(k) be the third derivative of -5/12*k**4 - 1/360*k**6 + 0*k + 0 + 6*k**2 + 1/20*k**5 + 0*k**3. Let a(n) be the second derivative of x(n). Determine a(5).
-4
Let t(r) = -11*r - 6. Let j = -493 + 496. Give t(j).
-39
Let s(f) = -f**2 + 3*f + 3. Let a be (-4 - 1)*(-11)/11. Suppose -2*l + 11 = a. Give s(l).
3
Let t(v) = -2*v + 14. Let w be t(8). Let r be w/((20/(-8))/5). Let p(l) = 0 + r*l - 1 - 3*l. What is p(-4)?
-5
Let u(n) = -8*n + 1. Let z = 72 - 63. Let x = 8 - z. What is u(x)?
9
Let r(m) = -15139*m - 2 + 15138*m + 4. What is r(1)?
1
Let u(c) = -15*c + 565. Let m be u(38). Let i(y) = -y**3 - 4*y**2 + y + 2. Calculate i(m).
22
Suppose -4*j + 15 = -1. Suppose -r = -j*r. Let d(h) be the first derivative of -h**2/2 + 5*h - 73. Calculate d(r).
5
Suppose 3*x = 12, -2*u - 10*x = -6*x - 8. Suppose 2 = -2*l - 4*p, -4*l + 4*p - 20 = -64. Let a(o) = 0*o**2 + 3*o**2 - 6 + o**3 - l*o + 1. What is a(u)?
7
Let s = 1 + 4. Let g(w) = 38*w**2 + 7*w - s + 1 - 39*w**2. Suppose 6 - 13 = -k. Calculate g(k).
-4
Let o(b) = -b**3 + 12*b**2 + 28*b. Let i be o(14). Let q(y) = y**3 + 8*y**2 - 8*y + 12. Let k be q(-9). Let v(u) = 9 - k*u + 2*u + 6*u - 4*u. Give v(i).
9
Let b(k) = 55*k - 41. Let n(v) = -49*v + 39. Let t(h) = 8*b(h) + 9*n(h). Give t(23).
0
Let x = -90 + 91. Let h(r) = -x + 3*r - r - 4*r. What is h(-2)?
3
Let z(n) = -2*n**3 - 3*n**2 + 3*n - 4. Let o be z(-3). Let f = o + -18. Let d(x) = -x**3 - 3*x**2 + 2*x + 2. Calculate d(f).
10
Let o(w) = -3*w + 2*w**2 - 6 - 8*w**2 - w**3 - 2*w. Let r = 24846 + -24850. Give o(r).
-18
Suppose -5*a - n - 24 = 0, -3*n - 4 = -2*a - 0. Let k(c) be the third derivative of -c**4/12 - c**3/3 + 12*c**2. What is k(a)?
6
Suppose 0 = 9*q - 13*q - 2*h + 4, -q + 11 = -2*h. Let t(f) be the first derivative of -f - 1/2*f**2 - 1/3*f**q - 7. What is t(-1)?
-1
Let r(h) be the third derivative of -1/12*h**4 + 0*h + 0*h**5 + 0 + 1/6*h**3 - 10*h**2 + 1/120*h**6. Calculate r(-2).
-3
Let g(d) = -4*d + 166. Let k be g(40). Let t(s) = 2*s - 19. Give t(k).
-7
Let l(r) = -r**3 + 5*r**2 + r - 2. Let a be l(5). Let v be 7/a - (-5)/(-15). Let d(b) = -v*b**2 - 3*b**2 - b**2 - b**3 + 0*b**2. Determine d(-6).
0
Let k(f) = 2*f - 1. Suppose -2*i = -5*y + 2 + 8, y - 9 = -i. Suppose r = -r + y*g + 14, -2*g = 5*r - 11. What is k(r)?
5
Let c(u) be the third derivative of u**4/6 + 13*u**3/6 - u**2 + 73. Determine c(-3).
1
Let v(c) = -c**2 - 16*c - 37. Let r be v(-3). Let j(m) = 41*m**3 - 39*m**3 + 2*m**2 + 0*m**2 + r*m**2 + 4*m + 3. What is j(-2)?
-5
Let g(t) = t**3 - 5*t**2 - t + 6. Let n be ((-8)/4)/(5/((-25)/2)). Give g(n).
1
Let d(z) be the first derivative of -16 + z**2 - 2*z - 1/3*z**3. Calculate d(2).
-2
Suppose n - 44 = -10*n. Let u(j) = 3*j - 1. Let q(z) be the third derivative of -z**4/3 + z**3/3 + 2*z**2. Let d(v) = n*q(v) + 11*u(v). Give d(6).
3
Let l be (-3)/3 + -2 - -9. Let g be -7 + 0 + (3 - l) - -3. Let q(j) = j**3 + 8*j**2 + 8*j + 4. What is q(g)?
-3
Let t(r) = 9*r - 107. Let n be t(12). Let q(p) = 9*p + 1. Determine q(n).
10
Let u = 4 - -25. Let z = u + -25. Let g(j) = -2*j**2 + 7*j - 4. What is g(z)?
-8
Let z = 873/4 + -218. Let i(h) be the first derivative of -z*h**4 + 6 - 9*h - 2*h**3 - h**2. Calculate i(-6).
3
Suppose 4*h + a + 41 = 0, -12 = h + 2*a - 7. Let b(u) = -u**3 - 12*u**2 - 9*u - 3. Give b(h).
-25
Let y(u) = -u**2 + 3*u - 3. Let m(d) = -2*d**2 + 6*d - 6. Let v(i) = -4*m(i) + 7*y(i). Let x = -149 - -152. Determine v(x).
3
Let r(y) = -y**3 + 3*y**2 - 3*y + 3. Let h(m) be the first derivative of 2*m**3 - 1/4*m**4 + 1/2*m**2 - 3*m + 11. Let b be h(6). What is r(b)?
-6
Let r(u) = 2*u - 2. Let o be r(5). Let j(x) be the first derivative of -x**3/3 + 4*x**2 + 7*x - 90. What is j(o)?
7
Let v(c) = -46*c**3 - 25*c**2 - 17*c + 5. Let p(t) = -15*t**3 - 9*t**2 - 6*t + 2. Let z(r) = 11*p(r) - 4*v(r). What is z(-1)?
-18
Let t(y) = -2*y**2 + y + 1. Let z(l) be the second derivative of l**4/12 - l**2/2 - 2*l. Let n be z(-2). Suppose n*f + r + 11 = -r, -2*r - 5 = -3*f. Give t(f).
-2
Let f be (-1)/(1 + 77/(-66)). Let m(a) be the third derivative of -a**5/60 + a**4/4 - a**3/2 - 3*a**2. Give m(f).
-3
Let g(s) be the third derivative of -s**4/24 - s**3/6 - 81*s**2. Calculate g(-4).
3
Let j(u) be the first derivative of u**6/360 + u**5/30 - u**4/24 - 13*u**3/3 - 8. Let g(s) be the third derivative of j(s). Determine g(-4).
-1
Let l(z) be the first derivative of -4*z**2 + 5*z + 183. What is l(3)?
-19
Let n = -5 + 11. Let c be (4 - n)*1*-1. Let p(m) = -m**2 - 7*m - 7 + 0*m**2 + c*m**2 + 3*m. What is p(6)?
5
Let m(w) = -6*w + 5*w**3 - 3 - 2 - 49*w**2 + 53*w**2 - 4*w**3 + 0. Suppose 3*q - 5 = -q + 5*s, 2*q = -3*s - 25. Calculate m(q).
0
Let x(t) be the third derivative of 0 - 1/6*t**4 + 37*t**2 + 0*t + 1/6*t**3. Determine x(5).
-19
Suppose -4*d + 3*d + 5*c = -34, d + c = 4. Suppose -4*f - 10 = -d*f. Let i(u) = -3*u**2 + 2*u - 2. What is i(f)?
-10
Let l(a) be the third derivative of -7*a**5/120 - a**4/24 + 7*a**3/3 + 14*a**2. Let z(p) be the first derivative of l(p). Determine z(-1).
6
Let y(b) = -1 + 0*b + 5 + b. Suppose -4*l = f - 10, -f + 20 = f + 5*l. Suppose -f*a = -12*a + 12. Determine y(a).
10
Let k(r) be the second derivative of 0 + 1/6*r**3 - 15*r - 1/2*r**2. Determine k(-5).
-6
Let s(l) = 23*l**2 - l - 1. Let g be s(1). Let t = -19 + g. Let u(k) = -6*k**2 + 5 - 4*k**3 - 6*k**2 + 11*k**t + 3*k**3. What is u(0)?
5
Let f be (-1)/(-5) - (-3)/(-5)*-3. Let x(p) = -11*p**2 + p + 2. What is x(f)?
-40
Suppose 17 + 47 = -2*o + 2*q, 4*q = -4*o - 168. Let h = 37 + o. Let p(m) = -m - 1. What is p(h)?
-1
Let p(f) be the second derivative of f**4/12 + 11*f**3/6 + 3*f**2 - 4*f. Suppose -4*i - 3*z = -0*z + 44, 4*z + 56 = -5*i. What is p(i)?
-18
Let u(g) = 7*g**3 - 11*g**2 - 3*g - 15. Let m(i) = 636*i - 4*i**2 + 22 + 20*i**2 - 10*i**3 - 631*i. Let x(p) = -5*m(p) - 7*u(p). Determine x(4).
-5
Let j be ((-2)/(-5))/((-40)/(-100)). Let l(d) = 653*d + j - 652*d - 4. Determine l(4).
1
Let n(u) = u**3 - 12*u**2 + 13*u - 16. Let k(h) = -h**3 - 7*h**2 + 76*h - 15. Let g be k(-13). Determine n(g).
6
Let c(l) = -24*l - 110. Let i be c(-5). Let y(k) = -k**2 + 9*k + 13. What is y(i)?
3
Let c(p) be the second derivative of 2*p**4/3 + p**3/3 - p**2 + 70*p - 1. Give c(-2).
26
Let r(d) = d - 14*d + 10*d**2 - 11 + d**3 - 5. Let v be r(-11). Let n(s) = -2*s + s - 5*s + 2 + s**2 - 8. What is n(v)?
-6
Suppose -5 = -p + 12. Suppose p*m - 16*m = -5. Let d(u) = 0*u**3 + 6*u - u + u**3 + 6*u**2. Calculate d(m).
0
Let x(d) = -13 + 0*d - d + 23 - 12. Calculate x(-3).
1
Suppose 5*x - 3*i = 2*i + 30, -4*x = 2*i. Let l(d) = d + 7 + 0 + x. Suppose -3*o = a + 10, -5 = -3*o - 5*a + 5. Calculate l(o).
4
Let l(a) = -536*a + 7 + 261*a + 274*a. Determine l(-13).
20
Let j(m) = -10*m**3 + 2*m**2 - 2*m + 1. Let f(u) = u + 8. Let g be f(-3). Suppose 4*b = g*b - 1. Calculate j(b).
-9
Let f(c) = c - 10. Let r = -39 + 12. Let b be (-6 + 4)/(2/20). Let k = b - r. What is f(k)?
-3
Let a(j) = 2*j**3 - 12*j**2 + 7*j - 6. Let u(v) = v**3 - v**2 + 6*v - 1. Let m(q) = -a(q) + 3*u(q). Give m(-8).
-21
Suppose 3 = -5*s + 8. Let b(g) = 3*g. Let z(j) = -j**2 + j + 1. Let a(o) = s*b(o) - 4*z(o). Let t(m) be the first derivative of a(m). Give t(-1).
-9
Let z be 1/(-1*(20/12 + -2)). Let l(g) = 5*g**z - 4 - 4*g**3 + 4*g + 13*g**2 - 6*g**2 - 2*g**2. Suppose -4*y = -y + 12. Give l(y).
-4
Let t be (0 - 12/8)*-6. Let d(h) = -4 + t - h + 0 + 0. Determine d(3).
2
Suppose h - 3 + 2 = 0. Let d(m) = 2*m - 1. Determine d(h).
1
Let p(n) = -5*n + 1. Let h(d) = -d + 1. Let z(k) = 6*h(k) - p(k). Let r(g) = 2*g**3 - 12*g**2 - g + 6. Let a be r(6). Let o = 0 - a. Give z(o).
5
Let n(v) = v - 3*v**2 + 0*v**3 - 2 - v**3 + 4*v**2.